{"id":41,"date":"2012-09-24T22:12:19","date_gmt":"2012-09-24T20:12:19","guid":{"rendered":"\/wordpress\/?page_id=41"},"modified":"2012-09-27T15:31:34","modified_gmt":"2012-09-27T13:31:34","slug":"impressum-der-tischlerei-hauser","status":"publish","type":"page","link":"http:\/\/www.tischlereihauser.at\/wordpress\/impressum-der-tischlerei-hauser\/","title":{"rendered":"Impressum der Tischlerei Hauser"},"content":{"rendered":"<h2>Impressum gem\u00e4\u00df Mediengesetz 2004<\/h2>\n<table style=\"width: 100%;\" border=\"0\" cellspacing=\"0\" cellpadding=\"0\">\n<tbody>\n<tr>\n<td style=\"text-align: right; width: 33%;\" align=\"right\">Medieninhaber:<\/td>\n<td>Tischlerei Hauser Ges.m.b.H.<\/td>\n<\/tr>\n<tr>\n<td style=\"text-align: right; width: 33%;\" align=\"right\">Unternehmens-Gegenstand:<\/td>\n<td style=\"text-align: left;\">Tischlerei<\/td>\n<\/tr>\n<tr>\n<td style=\"text-align: right; width: 33%;\" align=\"right\">Fimensitz:<\/td>\n<td><a title=\"Kontakt zu Tischlerei Hauser Ges.m.b.H.\" href=\"\/wordpress\/kontakt-zu-tischlerei-hauser\/2\/\">A-6130 Schwaz, Mag. Josef Au\u00dferhofer Strasse 1<\/a><\/td>\n<\/tr>\n<\/tbody>\n<\/table>\n<h2>Informationen gem\u00e4\u00df E-Commerce-Gesetz 2002<\/h2>\n<table style=\"width: 100%;\" border=\"0\" cellspacing=\"0\" cellpadding=\"0\">\n<tbody>\n<tr>\n<td style=\"text-align: right; width: 33%;\" align=\"right\" valign=\"top\">Name:<\/td>\n<td>Tischlerei Hauser Ges.m.b.H.<\/td>\n<\/tr>\n<tr>\n<td style=\"text-align: right; width: 33%;\" align=\"right\" valign=\"top\">\n<p>Anschrift:<\/p>\n<p>\u00a0<br \/>Tel:<br \/>Fax:<\/p>\n<p>E-Mail:<\/p>\n<\/td>\n<td>\n<p><a title=\"Kontakt zu Tischlerei Hauser Ges.m.b.H.\" href=\"\/wordpress\/kontakt-zu-tischlerei-hauser\/2\/\">A-6130 Schwaz, Magister-Josef-Au\u00dferhofer-Stra\u00dfe <\/a>(<a title=\"Routenplanung zur Tischlerei Hauser\" href=\"\/wordpress\/kontakt-zu-tischlerei-hauser\/2\/\" target=\"_blank\">Routenplanung<\/a>)<\/p>\n<p><a title=\"Tischlerei Hauser anrufen\" href=\"tel: +43 5242 62146\">05242-62146<\/a><br \/> 05242-62146-4<\/p>\n<p><a href=\"&#x6d;&#97;i&#x6c;&#116;o&#x3a;&#116;i&#x73;&#x63;&#104;&#x6c;&#x65;&#114;e&#x69;&#104;a&#x75;&#115;e&#x72;&#x40;&#115;&#x63;&#x68;&#119;a&#x7a;&#46;n&#x65;&#116;?Subject=Nachricht%20von%20Homepage\">&#x74;i&#x73;&#99;h&#x6c;&#101;&#x72;&#101;i&#x68;&#97;&#x75;&#115;e&#x72;&#64;&#x73;&#x63;h&#x77;&#97;z&#x2e;&#110;&#x65;&#116;<\/a><\/p>\n<\/td>\n<\/tr>\n<tr>\n<td style=\"text-align: right; width: 33%;\" align=\"right\" valign=\"top\">Gesch\u00e4ftsf\u00fchrer:<\/td>\n<td>Reinhard Hauser<\/td>\n<\/tr>\n<tr>\n<td style=\"text-align: right; width: 33%;\" align=\"right\" valign=\"top\">UID\/ATU Nummer:<\/td>\n<td>33131205<\/td>\n<\/tr>\n<tr>\n<td style=\"text-align: right; width: 33%;\" align=\"right\" valign=\"top\">Firmenbuchnummer:<\/td>\n<td>54827d<\/td>\n<\/tr>\n<tr>\n<td style=\"text-align: right; width: 33%;\" align=\"right\" valign=\"top\">Firmenbuchgericht:<\/td>\n<td>Landesgericht Innsbruck<\/td>\n<\/tr>\n<tr>\n<td style=\"text-align: right; width: 33%;\" align=\"right\" valign=\"top\">Beh\u00f6rde gem. ECG:<\/td>\n<td>Bezirkshauptmannschaft Schwaz<\/td>\n<\/tr>\n<tr>\n<td style=\"text-align: right; width: 33%;\" align=\"right\" valign=\"top\">Mitglied:<\/td>\n<td>WK Tirol<br \/> Fach- und Berufsgruppe Tischler<\/td>\n<\/tr>\n<\/tbody>\n<\/table>\n<h2>Allgemeine Gesch\u00e4ftsbedingungen<\/h2>\n<p>Es gelten die\u00a0<a title=\"Die Allgemeinen Gesch\u00e4ftsbedingungen der Tischlerei Hauser\" href=\"\/wordpress\/wp-content\/uploads\/2012\/09\/AGB_Tischler_Oktober_2011_hauser.pdf\" target=\"_blank\">Allgemeinen Gesch\u00e4ftsbedingungen<\/a>\u00a0der Tischlerei Hauser Ges.m.b.H.<\/p>\n<h2>Bildnachweis<\/h2>\n<ul>\n<li>Bilder von Wikipedia unter\u00a0<a title=\"Wikipedia Lizenz\" href=\"http:\/\/de.wikipedia.org\/wiki\/Wikipedia:Lizenzbestimmungen_Commons_Attribution-ShareAlike_3.0_Unported\" target=\"_blank\">Creative-Commons-Lizenz\u00a0Attribution-ShareAlike 3.0 Unported<\/a><\/li>\n<li>Archiv <a title=\"Webdesign und Werbeagentur PrimeMarketing - Ing. Heinz Laab\" href=\"http:\/\/www.primemarketing.at\" target=\"_blank\">PrimeMarketing<\/a> - (c) Ing. Heinz Laab<\/li>\n<li>Archiv <a title=\"Tischlerei Hauser Ges.m.b.H. in Schwaz\" href=\"http:\/\/www.tischlereihaueser.at\">Tischlerei Hauser<\/a> Ges.m.b.H. - (c) Reinhard Hauser<\/li>\n<\/ul>\n","protected":false},"excerpt":{"rendered":"<p>Impressum gem\u00e4\u00df Mediengesetz 2004 Medieninhaber: Tischlerei Hauser Ges.m.b.H. Unternehmens-Gegenstand: Tischlerei Fimensitz: A-6130 Schwaz, Mag. Josef Au\u00dferhofer Strasse 1 Informationen gem\u00e4\u00df E-Commerce-Gesetz 2002 Name: Tischlerei Hauser Ges.m.b.H. Anschrift: \u00a0Tel:Fax: E-Mail: A-6130 Schwaz, Magister-Josef-Au\u00dferhofer-Stra\u00dfe (Routenplanung) 05242-62146 05242-62146-4 &#x74;&#x69;&#x73;&#99;&#104;le&#x72;&#x65;&#x69;&#x68;&#97;&#117;se&#x72;&#x40;&#x73;&#99;&#104;&#119;az&#x2e;&#x6e;&#x65;&#116; Gesch\u00e4ftsf\u00fchrer: Reinhard Hauser UID\/ATU &hellip; <a href=\"http:\/\/www.tischlereihauser.at\/wordpress\/impressum-der-tischlerei-hauser\/\">Weiterlesen <span class=\"meta-nav\">&rarr;<\/span><\/a><\/p>\n","protected":false},"author":3,"featured_media":0,"parent":0,"menu_order":0,"comment_status":"closed","ping_status":"open","template":"sidebar-page.php","meta":{"footnotes":""},"class_list":["post-41","page","type-page","status-publish","hentry"],"_links":{"self":[{"href":"http:\/\/www.tischlereihauser.at\/wordpress\/wp-json\/wp\/v2\/pages\/41","targetHints":{"allow":["GET"]}}],"collection":[{"href":"http:\/\/www.tischlereihauser.at\/wordpress\/wp-json\/wp\/v2\/pages"}],"about":[{"href":"http:\/\/www.tischlereihauser.at\/wordpress\/wp-json\/wp\/v2\/types\/page"}],"author":[{"embeddable":true,"href":"http:\/\/www.tischlereihauser.at\/wordpress\/wp-json\/wp\/v2\/users\/3"}],"replies":[{"embeddable":true,"href":"http:\/\/www.tischlereihauser.at\/wordpress\/wp-json\/wp\/v2\/comments?post=41"}],"version-history":[{"count":26,"href":"http:\/\/www.tischlereihauser.at\/wordpress\/wp-json\/wp\/v2\/pages\/41\/revisions"}],"predecessor-version":[{"id":233,"href":"http:\/\/www.tischlereihauser.at\/wordpress\/wp-json\/wp\/v2\/pages\/41\/revisions\/233"}],"wp:attachment":[{"href":"http:\/\/www.tischlereihauser.at\/wordpress\/wp-json\/wp\/v2\/media?parent=41"}],"curies":[{"name":"wp","href":"https:\/\/api.w.org\/{rel}","templated":true}]}}